7, 1607
List the prime factors of 175445.
5, 35089
List the prime factors of 364849.
23, 29, 547
List the prime factors of 2744310.
2, 3, 5, 17, 5381
List the prime factors of 346821.
3, 193, 599
List the prime factors of 384702.
2, 3, 97, 661
What are the prime factors of 13589562?
2, 3, 7, 17, 2719
List the prime factors of 1741510.
2, 5, 349, 499
List the prime factors of 2037511.
7, 29, 10037
List the prime factors of 31199445.
3, 5, 231107
What are the prime factors of 856889?
11, 77899
List the prime factors of 6423388.
2, 41, 53, 739
What are the prime factors of 411710?
2, 5, 13, 3167
List the prime factors of 6825364.
2, 7, 13, 17, 1103
What are the prime factors of 253249?
17, 14897
What are the prime factors of 398190?
2, 3, 5, 13, 1021
What are the prime factors of 616003?
616003
List the prime factors of 374394.
2, 3, 23, 2713
List the prime factors of 4640388.
2, 3, 17, 23, 43
List the prime factors of 1064938.
2, 7, 29, 43, 61
List the prime factors of 4646873.
7, 11, 29, 2081
What are the prime factors of 286778?
2, 223, 643
What are the prime factors of 6501572?
2, 7, 11, 19, 101
List the prime factors of 277172.
2, 7, 19, 521
What are the prime factors of 43433?
13, 257
List the prime factors of 1912080.
2, 3, 5, 31, 257
List the prime factors of 4779749.
13, 367673
List the prime factors of 18791542.
2, 7, 11, 11093
List the prime factors of 210858.
2, 3, 113, 311
What are the prime factors of 3449241?
3, 19, 23, 877
List the prime factors of 232842.
2, 3, 151, 257
What are the prime factors of 313498?
2, 156749
What are the prime factors of 200160?
2, 3, 5, 139
List the prime factors of 2205941.
101, 21841
List the prime factors of 21075506.
2, 10537753
What are the prime factors of 2585555?
5, 7, 31, 2383
List the prime factors of 635766.
2, 3, 17, 23, 271
List the prime factors of 844357.
199, 4243
What are the prime factors of 32200145?
5, 6440029
What are the prime factors of 21612819?
3, 7204273
List the prime factors of 14851056.
2, 3, 11, 2557
What are the prime factors of 11954398?
2, 5977199
What are the prime factors of 604456?
2, 75557
List the prime factors of 2061341.
2061341
What are the prime factors of 2974071?
3, 991357
List the prime factors of 4247071.
4247071
List the prime factors of 1309939.
1309939
List the prime factors of 75040.
2, 5, 7, 67
List the prime factors of 24550916.
2, 13, 472133
List the prime factors of 10063406.
2, 29, 31, 193
What are the prime factors of 854795?
5, 23, 7433
List the prime factors of 1348354.
2, 7, 19, 37, 137
List the prime factors of 221407.
19, 43, 271
List the prime factors of 505126.
2, 23, 79, 139
What are the prime factors of 237213?
3, 26357
What are the prime factors of 1200665?
5, 439, 547
List the prime factors of 12580320.
2, 3, 5, 26209
What are the prime factors of 10788324?
2, 3, 181, 4967
List the prime factors of 13250.
2, 5, 53
What are the prime factors of 3373211?
149, 22639
What are the prime factors of 941687?
31, 37, 821
What are the prime factors of 19051305?
3, 5, 7, 13, 17, 821
What are the prime factors of 38881?
59, 659
List the prime factors of 1615068.
2, 3, 7, 13, 17, 29
What are the prime factors of 10941293?
11, 994663
What are the prime factors of 425112?
2, 3, 17713
What are the prime factors of 20058045?
3, 5, 7, 17, 661
What are the prime factors of 56030?
2, 5, 13, 431
What are the prime factors of 67843?
67843
List the prime factors of 764229.
3, 269, 947
What are the prime factors of 136039?
29, 4691
List the prime factors of 119273.
7, 11, 1549
What are the prime factors of 14689242?
2, 3, 19, 103, 139
What are the prime factors of 159909?
3, 151, 353
List the prime factors of 4014545.
5, 802909
List the prime factors of 3256739.
3256739
List the prime factors of 20450611.
23, 67, 577
List the prime factors of 696250.
2, 5, 557
List the prime factors of 2769795.
3, 5, 7, 977
What are the prime factors of 638977?
638977
What are the prime factors of 101833?
101833
List the prime factors of 10116097.
10116097
What are the prime factors of 194327?
7, 17, 23, 71
What are the prime factors of 90509?
29, 3121
List the prime factors of 2443728.
2, 3, 7, 1039
What are the prime factors of 482948?
2, 120737
What are the prime factors of 1662312?
2, 3, 69263
What are the prime factors of 16384682?
2, 8192341
List the prime factors of 1118312.
2, 13, 10753
What are the prime factors of 4146314?
2, 509, 4073
What are the prime factors of 1745024?
2, 13633
What are the prime factors of 9322871?
359, 25969
What are the prime factors of 6451554?
2, 3, 1075259
List the prime factors of 4615173.
3, 512797
List the prime factors of 19992910.
2, 5, 7, 285613
What are the prime factors of 8848090?
2, 5, 127, 6967
List the prime factors of 5359942.
2, 7, 349, 1097
What are the prime factors of 87418?
2, 109, 401
List the prime factors of 2444259.
3, 73, 11161
List the prime factors of 212673.
3, 70891
What are the prime factors of 6196162?
2, 7, 157, 2819
List the prime factors of 464490.
2, 3, 5, 13, 397
List the prime factors of 467712.
2, 3, 7, 29
What are the prime factors of 583884?
2, 3, 7, 331
List the prime factors of 1076705.
5, 7, 30763
What are the prime factors of 449008?
2, 7, 19, 211
What are the prime factors of 401450?
2, 5, 7, 31, 37
What are the prime factors of 133915?
5, 26783
List the prime factors of 6008707.
6008707
List the prime factors of 3406561.
409, 8329
What are the prime factors of 392664?
2, 3, 16361
List the prime factors of 1325185.
5, 265037
What are the prime factors of 263262?
2, 3, 17, 29, 89
What are the prime factors of 16098176?
2, 31, 4057
List the prime factors of 714320.
2, 5, 8929
What are the prime factors of 61036?
2, 15259
List the prime factors of 1660619.
19, 71, 1231
List the prime factors of 2199886.
2, 13, 211, 401
List the prime factors of 688773.
3, 229591
List the prime factors of 2964040.
2, 5, 74101
List the prime factors of 12922411.
12922411
What are the prime factors of 87278?
2, 17, 151
What are the prime factors of 704697?
3, 7, 23, 1459
What are the prime factors of 5773064?
2, 11, 17, 227
List the prime factors of 67999.
53, 1283
List the prime factors of 1277205.
3, 5, 85147
List the prime factors of 454416.
2, 3, 9467
List the prime factors of 3495150.
2, 3, 5, 863
List the prime factors of 32654195.
5, 7, 17, 54881
List the prime factors of 10316040.
2, 3, 5, 7, 12281
What are the prime factors of 93008?
2, 5813
What are the prime factors of 701893?
433, 1621
List the prime factors of 540841.
7, 77263
List the prime factors of 2137027.
307, 6961
What are the prime factors of 706240?
2, 5, 2207
What are the prime factors of 8612457?
3, 7, 410117
What are the prime factors of 21646?
2, 79, 137
What are the prime factors of 806155?
5, 7, 31, 743
List the prime factors of 3713305.
5, 29, 25609
What are the prime factors of 7890876?
2, 3, 7, 173, 181
What are the prime factors of 1696801?
1696801
List the prime factors of 3366717.
3, 23, 59, 827
What are the prime factors of 830765?
5, 13, 12781
What are the prime factors of 606136?
2, 75767
What are the prime factors of 6956501?
61, 114041
What are the prime factors of 247627?
19, 13033
What are the prime factors of 121249?
29, 37, 113
List the prime factors of 37602.
2, 3, 2089
List the prime factors of 23083262.
2, 11541631
What are the prime factors of 949540?
2, 5, 197, 241
List the prime factors of 3580423.
7, 11, 46499
What are the prime factors of 447169?
239, 1871
List the prime factors of 796105.
5, 89, 1789
What are the prime factors of 25273988?
2, 6318497
List the prime factors of 887491.
11, 80681
What are the prime factors of 4641576?
2, 3, 37, 5227
What are the prime factors of 192022?
2, 67, 1433
List the prime factors of 2031470.
2, 5, 7, 29021
List the prime factors of 25704235.
5, 59, 87133
What are the prime factors of 271061?
7, 38723
What are the prime factors of 124296?
2, 3, 5179
What are the prime factors of 3844600?
2, 5, 47, 409
List the prime factors of 14000852.
2, 29, 137, 881
What are the prime factors of 190784?
2, 11, 271
What are the prime factors of 223641?
3, 11, 251
List the prime factors of 700783.
193, 3631
What are the prime factors of 8900393?
151, 58943
List the prime factors of 3204670.
2,